, what is 5 - -2103416313?
2103416321
In base 15, what is 215 + -e879?
-e664
In base 2, what is 10011101010110101011101 - 110?
10011101010110101010111
In base 14, what is a - 13d2d20?
-13d2d14
In base 7, what is -1105120241 - 4?
-1105120245
In base 15, what is 4 + -64602e4?
-64602e0
In base 13, what is 262 + -1326c5?
-132463
In base 16, what is -fd6b42 + -12?
-fd6b54
In base 2, what is 1001010010 - 10001111110010100110?
-10001111101001010100
In base 16, what is 1 + -696e5ac?
-696e5ab
In base 3, what is -1210022100210112 + -20?
-1210022100210202
In base 15, what is -127 - 730d?
-7435
In base 14, what is a - 31cb960?
-31cb954
In base 3, what is -221 + 20120120200?
20120112202
In base 11, what is 1347 + -46594?
-45248
In base 8, what is -13456 + 7566?
-3670
In base 15, what is 3231db + 17?
323203
In base 14, what is 6d1a + -4b?
6cad
In base 9, what is -25 + 711761?
711735
In base 12, what is -4 + -1123249?
-1123251
In base 12, what is 3b5 + -100b?
-816
In base 8, what is 4 - 206772462?
-206772456
In base 7, what is 225 + -650212?
-646654
In base 15, what is -c4a + -5aad?
-6808
In base 6, what is -50355130 + 14?
-50355112
In base 13, what is 3 - -1c12c?
1c132
In base 2, what is -10 - -1110010110001010001100101?
1110010110001010001100011
In base 8, what is -14652155 - 17?
-14652174
In base 7, what is -2656136 - 100?
-2656236
In base 7, what is -11 - -1165213135?
1165213124
In base 12, what is -4417 - 2501?
-6918
In base 10, what is -35603291 + -4?
-35603295
In base 3, what is 101101022000001012 + 0?
101101022000001012
In base 6, what is 1110 - 21220334?
-21215224
In base 4, what is 1022013132230 + 230?
1022013133120
In base 14, what is 123803 - -31?
123834
In base 16, what is -376a53 + a?
-376a49
In base 15, what is 3 - -16111a40?
16111a43
In base 8, what is 15047420 - -127?
15047547
In base 8, what is -2716 + -175?
-3113
In base 14, what is 52335 - -1a36?
53d6b
In base 5, what is -4 + -2301001343?
-2301001402
In base 5, what is 10041202343 - 4?
10041202334
In base 8, what is 1 + -17257375?
-17257374
In base 14, what is 9 + 9a802?
9a80b
In base 15, what is 2c7c27 - b?
2c7c1b
In base 5, what is -314013 + 32?
-313431
In base 2, what is 100 - 10101111110001000100?
-10101111110001000000
In base 10, what is 100087 + -31?
100056
In base 11, what is 41661 - 1a9?
41463
In base 10, what is -9798 + -415?
-10213
In base 3, what is 222000110 - -111?
222000221
In base 11, what is -250860025 + -2?
-250860027
In base 15, what is 7e - -31298?
31327
In base 12, what is 11200388 + -6?
11200382
In base 4, what is 311230313301 - -11?
311230313312
In base 6, what is 14455 + -120040?
-101141
In base 13, what is 1996b + -268?
19703
In base 2, what is 111100000011001101 - 101110111?
111011111101010110
In base 9, what is 13 + 58735673?
58735686
In base 6, what is 22 + -123544?
-123522
In base 7, what is 244043 - 212?
243531
In base 2, what is -10010001111001 - 1100110010?
-10011110101011
In base 7, what is -166 - 100034223?
-100034422
In base 14, what is -8 + 1123a7?
11239d
In base 16, what is -235 + -d4a1f?
-d4c54
In base 8, what is 45574 - 626?
44746
In base 4, what is 11 - -13312302022220?
13312302022231
In base 10, what is -11812 - 1646?
-13458
In base 16, what is -90 - f603?
-f693
In base 3, what is -121012201022 + -111?
-121012201210
In base 16, what is -2 - 1df28f5?
-1df28f7
In base 9, what is 62 + 273400?
273462
In base 10, what is 845 + -146114?
-145269
In base 5, what is -21 - 1201034141?
-1201034212
In base 3, what is -102221 - -2211211000?
2211101002
In base 6, what is 14420521 - -13133?
14434054
In base 4, what is -11 - -10233120132021?
10233120132010
In base 5, what is 123140043 + -33?
123140010
In base 3, what is -11101 - -12221012202?
12221001101
In base 5, what is 42114002042 - -10?
42114002102
In base 5, what is -122403003113 - 10?
-122403003123
In base 13, what is 1499 - -137?
1603
In base 12, what is -300778 - -88?
-3006b0
In base 13, what is 9 - 737a0?
-73794
In base 3, what is -121021001010201 + -20?
-121021001010221
In base 16, what is -3 - -1f6bab1?
1f6baae
In base 16, what is 86eb0d - 6?
86eb07
In base 11, what is -339 - 83a108?
-83a446
In base 8, what is -2 + -2720364475?
-2720364477
In base 8, what is -71 + 227233?
227142
In base 14, what is 1a10 + 8cc1?
a8d1
In base 9, what is 2625 - -3775?
6511
In base 6, what is 123002 - 3001?
120001
In base 6, what is -140335 - 4142?
-144521
In base 9, what is 356 + -1521?
-1154
In base 13, what is 39285 + 1787?
3aa3c
In base 4, what is -33201011 - -1301112?
-31233233
In base 16, what is -e709d3 + -4?
-e709d7
In base 16, what is 560 + -2559?
-1ff9
In base 8, what is 463 - -52424?
53107
In base 8, what is 13 + 42716662?
42716675
In base 2, what is 100111101100111100000 + -111?
100111101100111011001
In base 6, what is 15101 + 1131445?
1150550
In base 7, what is 2053 + -134066?
-132013
In base 10, what is -37785375 + -4?
-37785379
In base 16, what is 28c + -1154a?
-112be
In base 6, what is -101141203 + 42?
-101141121
In base 7, what is -6103241 + 1035?
-6102203
In base 15, what is -10db + -22?
-110d
In base 6, what is 355 - 340153?
-335354
In base 14, what is -163 - -3c34ba?
3c3357
In base 13, what is 79a231c + -8?
79a2314
In base 5, what is -4434404031 + -2?
-4434404033
In base 14, what is 424 + -50acc?
-506a8
In base 8, what is -650145 - -351?
-647574
In base 16, what is -214d - -3882?
1735
In base 6, what is 30 - 340453?
-340423
In base 4, what is -1133132 - -230122?
-303010
In base 15, what is 39 - b938d?
-b9354
In base 7, what is 153 + -636223?
-636040
In base 4, what is 200 - 312302133112?
-312302132312
In base 12, what is -487ab08 - 3?
-487ab0b
In base 7, what is -114 + -35022006?
-35022123
In base 14, what is -11c1 + b111b?
add3a
In base 13, what is -aa42 + -207c?
-cac1
In base 8, what is 46735 - 3041?
43674
In base 6, what is 21554535445 + -2?
21554535443
In base 10, what is -1586 + -657831?
-659417
In base 15, what is 178ace + 10b?
178bda
In base 16, what is a14b53 - -4?
a14b57
In base 10, what is 1 - -310458?
310459
In base 6, what is 0 + -1510542055?
-1510542055
In base 16, what is 4bb + -3356?
-2e9b
In base 4, what is 300 - -2310332011?
2310332311
In base 3, what is -210111021222122 - -210?
-210111021221212
In base 2, what is 1 + 11001010101111010011101101?
11001010101111010011101110
In base 15, what is -1 + -923bc?
-923bd
In base 7, what is -60055 - -23030?
-34025
In base 7, what is -60 + 653316?
653226
In base 9, what is 225705638 + 5?
225705644
In base 3, what is -111022121002010 + -11?
-111022121002021
In base 11, what is 53a + -41969?
-4142a
In base 7, what is 1110 + 5452?
6562
In base 4, what is 130322132 + 13232?
131002030
In base 5, what is -1211333 - -1130101?
-31232
In base 8, what is -124550516 + 1?
-124550515
In base 15, what is -15b - 2dd3b?
-2de97
In base 8, what is 1 - 334225735?
-334225734
In base 4, what is 1001 + 13103030210?
13103031211
In base 15, what is 1ade0 - -560?
1b450
In base 13, what is -64666 - 172?
-64808
In base 6, what is 452342 - 3321?
445021
In base 2, what is -1010001001010 + -110110?
-1010010000000
In base 10, what is -2 + 27803431?
27803429
In base 5, what is 14043002 + 100?
14043102
In base 13, what is -25664 + -2c9?
-25960
In base 16, what is -e8c7 - 147a?
-fd41
In base 6, what is 13513 + -4550?
4523
In base 5, what is -1004103232 + -4?
-1004103241
In base 11, what is 21a84 + -597?
21498
In base 5, what is 0 - 423120103242?
-423120103242
In base 13, what is -287 + -20cca0?
-210257
In base 6, what is -240335 + -51010?
-331345
In base 2, what is -101100001100011010001 - -10011?
-101100001100010111110
In base 5, what is -3 - -10220102003?
10220102000
In base 10, what is 38436 - -61?
38497
In base 10, what is 876503 - -160?
876663
In base 3, what is 12022222200020222 + 11?
12022222200021010
In base 3, what is 202111210121 - 1?
202111210120
In base 16, what is -24 - -105348?
105324
In base 4, what is 121111 + 3202313?
3330030
In base 5, what is -14401 + 30023?
10122
In base 7, what is 0 + 140632300?
140632300
In base 10, what is -2678718 + -101?
-2678819
In base 2, what is -1110101111010100111110101 + 10?
-1110101111010100111110011
In base 7, what is -5 + 53430566?
53430561
In base 7, what is -104 + 105442?
105335
In base 5, what is -14133021121 - 10?
-14133021